.
24
What is the remainder when 674 is divided by 52?
50
What is the remainder when 108 is divided by 59?
49
What is the remainder when 60 is divided by 19?
3
What is the remainder when 159 is divided by 30?
9
Calculate the remainder when 391 is divided by 1.
0
Calculate the remainder when 455 is divided by 21.
14
What is the remainder when 90 is divided by 38?
14
Calculate the remainder when 25 is divided by 14.
11
Calculate the remainder when 5636 is divided by 27.
20
What is the remainder when 137 is divided by 23?
22
Calculate the remainder when 273 is divided by 22.
9
Calculate the remainder when 153 is divided by 13.
10
What is the remainder when 369 is divided by 127?
115
What is the remainder when 13917 is divided by 240?
237
What is the remainder when 642 is divided by 314?
14
What is the remainder when 245 is divided by 43?
30
What is the remainder when 359 is divided by 45?
44
What is the remainder when 464 is divided by 9?
5
What is the remainder when 1509 is divided by 9?
6
Calculate the remainder when 90 is divided by 33.
24
What is the remainder when 8 is divided by 8?
0
Calculate the remainder when 2631 is divided by 72.
39
Calculate the remainder when 2149 is divided by 155.
134
What is the remainder when 1051 is divided by 88?
83
Calculate the remainder when 415 is divided by 207.
1
Calculate the remainder when 118 is divided by 63.
55
Calculate the remainder when 122 is divided by 66.
56
What is the remainder when 495 is divided by 42?
33
Calculate the remainder when 3680 is divided by 12.
8
What is the remainder when 6243 is divided by 18?
15
Calculate the remainder when 166 is divided by 19.
14
Calculate the remainder when 376 is divided by 29.
28
Calculate the remainder when 44 is divided by 16.
12
What is the remainder when 104 is divided by 35?
34
Calculate the remainder when 184 is divided by 27.
22
What is the remainder when 4856 is divided by 113?
110
Calculate the remainder when 140 is divided by 140.
0
What is the remainder when 187 is divided by 33?
22
Calculate the remainder when 403 is divided by 28.
11
What is the remainder when 535 is divided by 11?
7
Calculate the remainder when 280 is divided by 245.
35
Calculate the remainder when 6269 is divided by 112.
109
What is the remainder when 940 is divided by 44?
16
What is the remainder when 973 is divided by 65?
63
What is the remainder when 1268 is divided by 198?
80
Calculate the remainder when 15974 is divided by 5322.
8
What is the remainder when 20827 is divided by 16?
11
What is the remainder when 1322 is divided by 53?
50
What is the remainder when 15 is divided by 14?
1
What is the remainder when 71 is divided by 18?
17
Calculate the remainder when 623 is divided by 154.
7
What is the remainder when 44915 is divided by 76?
75
Calculate the remainder when 1293 is divided by 1280.
13
Calculate the remainder when 1243 is divided by 52.
47
What is the remainder when 43 is divided by 12?
7
What is the remainder when 2948 is divided by 367?
12
What is the remainder when 37 is divided by 35?
2
Calculate the remainder when 107 is divided by 5.
2
Calculate the remainder when 129 is divided by 31.
5
What is the remainder when 22 is divided by 4?
2
Calculate the remainder when 179 is divided by 22.
3
What is the remainder when 1259 is divided by 13?
11
Calculate the remainder when 161 is divided by 36.
17
Calculate the remainder when 9 is divided by 2.
1
Calculate the remainder when 1919 is divided by 126.
29
Calculate the remainder when 194 is divided by 26.
12
What is the remainder when 1053 is divided by 22?
19
What is the remainder when 222 is divided by 53?
10
What is the remainder when 474 is divided by 235?
4
What is the remainder when 147 is divided by 44?
15
What is the remainder when 82711 is divided by 211?
210
Calculate the remainder when 702 is divided by 117.
0
Calculate the remainder when 624 is divided by 77.
8
What is the remainder when 822 is divided by 136?
6
Calculate the remainder when 1071 is divided by 17.
0
Calculate the remainder when 2362 is divided by 17.
16
What is the remainder when 69 is divided by 37?
32
Calculate the remainder when 161 is divided by 17.
8
Calculate the remainder when 10022 is divided by 56.
54
What is the remainder when 622 is divided by 13?
11
Calculate the remainder when 71 is divided by 4.
3
Calculate the remainder when 367 is divided by 33.
4
Calculate the remainder when 426 is divided by 140.
6
What is the remainder when 249 is divided by 6?
3
Calculate the remainder when 158 is divided by 32.
30
What is the remainder when 533 is divided by 47?
16
Calculate the remainder when 1689 is divided by 559.
12
What is the remainder when 702 is divided by 37?
36
What is the remainder when 313 is divided by 28?
5
Calculate the remainder when 268 is divided by 69.
61
What is the remainder when 187 is divided by 63?
61
What is the remainder when 452 is divided by 7?
4
What is the remainder when 75 is divided by 13?
10
Calculate the remainder when 760 is divided by 125.
10
Calculate the remainder when 161 is divided by 138.
23
What is the remainder when 36 is divided by 23?
13
Calculate the remainder when 177 is divided by 13.
8
Calculate the remainder when 689 is divided by 99.
95
Calculate the remainder when 32 is divided by 3.
2
What is the remainder when 1712 is divided by 13?
9
Calculate the remainder when 209 is divided by 159.
50
What is the remainder when 2481 is divided by 13?
11
Calculate the remainder when 39 is divided by 21.
18
Calculate the remainder when 23441 is divided by 197.
195
What is the remainder when 52 is divided by 31?
21
What is the remainder when 29 is divided by 3?
2
What is the remainder when 1420 is divided by 49?
48
What is the remainder when 426 is divided by 11?
8
What is the remainder when 751 is divided by 47?
46
Calculate the remainder when 30 is divided by 27.
3
Calculate the remainder when 365 is divided by 8.
5
What is the remainder when 3503 is divided by 21?
17
What is the remainder when 70 is divided by 31?
8
Calculate the remainder when 3426 is divided by 78.
72
Calculate the remainder when 10657 is divided by 51.
49
What is the remainder when 424 is divided by 207?
10
Calculate the remainder when 59 is divided by 44.
15
What is the remainder when 2263 is divided by 84?
79
Calculate the remainder when 256 is divided by 88.
80
Calculate the remainder when 833 is divided by 287.
259
Calculate the remainder when 139 is divided by 7.
6
Calculate the remainder when 267 is divided by 30.
27
Calculate the remainder when 165 is divided by 14.
11
What is the remainder when 188 is divided by 24?
20
What is the remainder when 3336 is divided by 47?
46
Calculate the remainder when 448 is divided by 146.
10
Calculate the remainder when 3831 is divided by 142.
139
What is the remainder when 5249 is divided by 52?
49
What is the remainder when 775 is divided by 10?
5
Calculate the remainder when 651 is divided by 112.
91
Calculate the remainder when 1403 is divided by 201.
197
What is the remainder when 819 is divided by 199?
23
Calculate the remainder when 309 is divided by 33.
12
Calculate the remainder when 290 is divided by 98.
94
What is the remainder when 467 is divided by 167?
133
What is the remainder when 497 is divided by 265?
232
Calculate the remainder when 252 is divided by 79.
15
What is the remainder when 1331 is divided by 74?
73
What is the remainder when 1389 is divided by 59?
32
Calculate the remainder when 7653 is divided by 44.
41
What is the remainder when 1530 is divided by 28?
18
What is the remainder when 557 is divided by 56?
53
Calculate the remainder when 597 is divided by 30.
27
Calculate the remainder when 241 is divided by 13.
7
Calculate the remainder when 216 is divided by 74.
68
What is the remainder when 196 is divided by 37?
11
What is the remainder when 22 is divided by 5?
2
What is the remainder when 57 is divided by 30?
27
What is the remainder when 67 is divided by 12?
7
Calculate the remainder when 4217 is divided by 7.
3
What is the remainder when 1039 is divided by 10?
9
Calculate the remainder when 73 is divided by 27.
19
Calculate the remainder when 396 is divided by 97.
8
What is the remainder when 74 is divided by 32?
10
Calculate the remainder 